0103
In base 3, what is -2010 + 2210022011121?
2210022002111
In base 15, what is 199c7 - 4e?
19978
In base 2, what is -1001110001001001010 - 101100?
-1001110001001110110
In base 6, what is -11402311423 + 0?
-11402311423
In base 5, what is -3000441142414 - -4?
-3000441142410
In base 6, what is 21 - -52514055?
52514120
In base 14, what is 1d + 208d7?
20916
In base 4, what is 1031 - -1003122331?
1003130022
In base 5, what is -344 + -42440?
-43334
In base 3, what is -12121211202010 - 12?
-12121211202022
In base 11, what is 2 + -294470?
-294469
In base 13, what is 282553 + 11?
282564
In base 7, what is -613132 + 162?
-612640
In base 15, what is -4ade0 + 3?
-4addc
In base 11, what is 1a293a699 - -1?
1a293a69a
In base 16, what is 52 + -250e3?
-25091
In base 6, what is 113 - -3230144?
3230301
In base 2, what is 10001000011111000110100 + 11?
10001000011111000110111
In base 6, what is 15332321211 - -12?
15332321223
In base 5, what is -231214 + -344?
-232113
In base 8, what is -3 - -111700405?
111700402
In base 4, what is -2112022012 + -10?
-2112022022
In base 12, what is -75952 - 171?
-75b03
In base 14, what is b + -3b567?
-3b55a
In base 9, what is 88411 - -243?
88654
In base 7, what is 1045662 + -326?
1045333
In base 6, what is -211543450543 + -3?
-211543450550
In base 4, what is -1 - 2003103301232?
-2003103301233
In base 2, what is -1100100 - -10101100101?
10100000001
In base 12, what is -52 - 78289?
-7831b
In base 3, what is 1 - -200221021211221?
200221021211222
In base 14, what is 16d8cad - 2?
16d8cab
In base 7, what is -54 + -14322456?
-14322543
In base 10, what is 415 + -59930?
-59515
In base 2, what is 100011011001100100101 - -1000011?
100011011001101101000
In base 16, what is 6bc897 - 7e?
6bc819
In base 13, what is -1 - -118744b8?
118744b7
In base 10, what is 5 - -2750954?
2750959
In base 9, what is 14200 - 3032?
11157
In base 6, what is -4 - -2220012531?
2220012523
In base 3, what is 120000022211122 - 0?
120000022211122
In base 16, what is -27f7ce8 + 5?
-27f7ce3
In base 10, what is 31692 + -14?
31678
In base 8, what is 11 - -13056454?
13056465
In base 2, what is -1100011111111110 + 1111101100?
-1100010000010010
In base 5, what is 200313403 - -1000?
200314403
In base 14, what is 1a4 + -1946ac?
-194508
In base 13, what is 4b6 + -375c?
-3276
In base 8, what is 2633156 + 157?
2633335
In base 3, what is 2112202012012201 + -1?
2112202012012200
In base 15, what is 8de4 + -3c?
8da7
In base 11, what is -12284902 + 5?
-122848a8
In base 7, what is -12623026 - 104?
-12623133
In base 2, what is -11000010 - 1100000101100111?
-1100001000101001
In base 14, what is 31b - -279a6?
27cc3
In base 10, what is 213006 - -853?
213859
In base 15, what is -16aaae9 - 5?
-16aaaee
In base 16, what is 8 - 4742f23?
-4742f1b
In base 6, what is 5042302032 + 3?
5042302035
In base 7, what is -4 - 644560465?
-644560502
In base 3, what is -1121022021201200 + -1?
-1121022021201201
In base 7, what is 2 + -15633353?
-15633351
In base 11, what is -9879419 - -2?
-9879417
In base 15, what is -4 + 648d5e?
648d5a
In base 11, what is 29292a655 - 2?
29292a653
In base 11, what is -246143221 + 0?
-246143221
In base 15, what is 0 + -77d7e?
-77d7e
In base 6, what is 114234315 + 241?
114235000
In base 5, what is 134203103 + 11?
134203114
In base 15, what is -bd + 1675d?
16690
In base 16, what is a5 - 217cab?
-217c06
In base 7, what is -121151201 + 41?
-121151130
In base 10, what is 181974 - -34?
182008
In base 10, what is -1 + -1790416?
-1790417
In base 15, what is -785d + -240?
-7a9d
In base 16, what is 3d2c1 + -bcf?
3c6f2
In base 9, what is 18 - 137638?
-137620
In base 15, what is 36d + -2a24c?
-29dce
In base 7, what is -326511620 + 4?
-326511613
In base 4, what is 1 - -33201201232?
33201201233
In base 10, what is 21266 - -5991?
27257
In base 8, what is -125157500 - 3?
-125157503
In base 8, what is 0 - -15114315?
15114315
In base 9, what is -1040447 - 26?
-1040474
In base 12, what is 1596 + 4528?
5b02
In base 2, what is 1001110 + 1010100001111001?
1010100011000111
In base 6, what is 12445 - -113201?
130050
In base 7, what is -2200210 - -644?
-2166233
In base 6, what is 444554533 + 232?
444555205
In base 13, what is 4 - -1b661ca?
1b66201
In base 5, what is 24334033134 - -3?
24334033142
In base 9, what is 18727 - 1288?
17428
In base 10, what is 1753 + 31610?
33363
In base 9, what is -4 - 440760051?
-440760055
In base 16, what is -6b3 + 7d4?
121
In base 6, what is 3 + -2312055140?
-2312055133
In base 3, what is -100112 + -1210021011?
-1210121200
In base 3, what is -100012201 - -2121000?
-20121201
In base 8, what is -1501 - -11641?
10140
In base 10, what is -32 - -554873?
554841
In base 4, what is -232221033 - 132?
-232221231
In base 9, what is 1 - 82862138?
-82862137
In base 7, what is 552 + -1055156?
-1054304
In base 13, what is -3001102 + -25?
-3001127
In base 5, what is 1123040 + -313220?
304320
In base 11, what is -423a95 - 14a?
-424134
In base 5, what is 1230311132412 + 10?
1230311132422
In base 5, what is 10 - -404420141310?
404420141320
In base 9, what is 20 - 5120054?
-5120034
In base 6, what is -3320 + -222154?
-225514
In base 6, what is -100021 - 15102?
-115123
In base 8, what is 2 + -20663110?
-20663106
In base 8, what is -1134 - -56477?
55343
In base 11, what is -1 - -39207997?
39207996
In base 6, what is -2 + -1124403?
-1124405
In base 5, what is -100442422400 + -3?
-100442422403
In base 6, what is 50104 - -4241?
54345
In base 3, what is -1110102110211012 + 202?
-1110102110210110
In base 6, what is 10343 - -11214043?
11224430
In base 12, what is 15 - 2491010?
-2490bb7
In base 3, what is -1002102 - -21121022?
20111220
In base 6, what is 1 - -4213355?
4213400
In base 6, what is 4041505 + -3044?
4034421
In base 2, what is -1110110000000000000010 + 101000?
-1110101111111111011010
In base 14, what is -18b74 - 1b6?
-18d4a
In base 16, what is 15 - -35069?
3507e
In base 4, what is 121 + 10001103101?
10001103222
In base 8, what is 656 - 26631?
-25753
In base 13, what is -5 + -3818a5?
-3818aa
In base 14, what is -2b8 - 2429d?
-24577
In base 6, what is -10322252 + 40?
-10322212
In base 4, what is -21003013013 - 201?
-21003013220
In base 12, what is -119581 - 68?
-119629
In base 8, what is -3725 - -2672145?
2666220
In base 3, what is 112212021012 - -212112?
112220010201
In base 8, what is -253 - 34275?
-34550
In base 9, what is -17007 - -2750?
-14147
In base 4, what is 10 - 1011021320300?
-1011021320230
In base 10, what is 705200 + -897?
704303
In base 15, what is -168620 + 13?
-16860c
In base 12, what is -1603681 - -a?
-1603673
In base 15, what is -9 - 7bdeec?
-7be006
In base 14, what is 7c + -14b317?
-14b279
In base 4, what is -3213130232302 - -11?
-3213130232231
In base 6, what is 114050 + 44000?
202050
In base 2, what is 1000010011000 + 101010110110111111?
101011111001010111
In base 12, what is -506272b - -3?
-5062728
In base 7, what is -144532 + 511?
-144021
In base 12, what is 5 + 360b454?
360b459
In base 10, what is -21 - 85669?
-85690
In base 13, what is 44 - 19040c?
-190398
In base 7, what is -3112 + -6013?
-12125
In base 7, what is 21104040 - 6?
21104031
In base 7, what is -42 - -15265516?
15265444
In base 9, what is 508 - 2380?
-1771
In base 3, what is -110220001100 + 201?
-110220000122
In base 11, what is a682956 - 1?
a682955
In base 3, what is -1002110121 - 12001?
-1002122122
In base 10, what is 10292769 + 13?
10292782
In base 9, what is -1788 + -13032?
-14831
In base 11, what is -204a + -23118?
-25167
In base 4, what is -10 + 10111011001?
10111010331
In base 2, what is -100100011 - 11101100111010000010?
-11101100111110100101
In base 4, what is -3 - 21321030213?
-21321030222
In base 13, what is -12 - 43974?
-43986
In base 12, what is 20 + -a17597?
-a17577
In base 11, what is -5 + -670200?
-670205
In base 10, what is 1 + -97993511?
-97993510
In base 3, what is 22020220221002201 - -10?
22020220221002211
In base 13, what is -941 + 7c2?
-14c
In base 7, what is -5366340 + 230?
-5366110
In base 12, what is 481007b + 6?
4810085
In base 7, what is -224 - 3520214?
-3520441
In base 7, what is 1156304 - 1455?
1154516
In base 2, what is 11000011 + -1000000011100?
-111101011001
In base 8, what is -34 + 1043160?
1043124
In base 2, what is -11100 - -111010010000010011010001?
111010010000010010